 is the greatest common divisor of 302309 and 38?
19
Calculate the greatest common factor of 474 and 1176.
6
What is the highest common factor of 1786 and 3478?
94
What is the greatest common factor of 44464 and 63?
7
Calculate the highest common divisor of 121146 and 488.
122
Calculate the greatest common factor of 238 and 6740874.
238
What is the greatest common divisor of 104 and 1487512?
104
What is the highest common divisor of 14820 and 9607?
13
Calculate the highest common divisor of 2457 and 118638.
351
Calculate the greatest common divisor of 765 and 20808.
153
Calculate the greatest common divisor of 22 and 157146.
22
What is the highest common divisor of 702 and 1110?
6
What is the highest common divisor of 11704641 and 13?
13
What is the greatest common divisor of 198 and 1494?
18
What is the greatest common divisor of 62 and 933379?
31
What is the highest common factor of 20332 and 1404?
52
What is the greatest common factor of 1028 and 257?
257
Calculate the greatest common factor of 12012 and 4771.
13
What is the highest common factor of 1096 and 15481?
137
Calculate the highest common factor of 118 and 284675.
59
Calculate the highest common factor of 820 and 142270.
410
What is the greatest common factor of 809977 and 33383?
1757
Calculate the greatest common divisor of 4853 and 1127.
23
Calculate the greatest common factor of 1926 and 5243.
107
What is the greatest common factor of 45656 and 2548?
52
What is the highest common factor of 86146 and 76?
38
What is the greatest common factor of 780 and 50460?
60
What is the highest common factor of 1498 and 2534?
14
What is the greatest common divisor of 14182 and 32?
2
What is the greatest common divisor of 12789104 and 368?
368
Calculate the greatest common factor of 2171 and 8684.
2171
Calculate the greatest common factor of 39935 and 4900.
245
What is the highest common factor of 9344 and 1241?
73
Calculate the greatest common factor of 16423 and 231.
11
What is the greatest common factor of 2315633 and 438?
73
Calculate the greatest common factor of 2176 and 6562.
34
Calculate the highest common factor of 581 and 747.
83
What is the highest common factor of 119760 and 1240?
40
What is the greatest common factor of 165558 and 984?
246
What is the highest common factor of 1002 and 190714?
334
Calculate the highest common factor of 844 and 6.
2
What is the greatest common divisor of 1503 and 4710903?
501
Calculate the greatest common factor of 1300 and 837700.
100
What is the highest common divisor of 903 and 5747595?
903
Calculate the highest common factor of 386 and 446409.
193
What is the highest common divisor of 4826 and 2794?
254
What is the highest common divisor of 156 and 213876?
156
What is the greatest common divisor of 351373 and 187?
187
Calculate the greatest common factor of 7463 and 527.
17
Calculate the highest common divisor of 10640 and 416.
16
Calculate the highest common factor of 590 and 5970.
10
What is the greatest common divisor of 25591 and 157?
157
What is the highest common divisor of 14 and 637462?
14
Calculate the greatest common divisor of 10 and 20115.
5
Calculate the highest common factor of 575470 and 20.
10
What is the greatest common divisor of 553520 and 20?
20
Calculate the greatest common factor of 10308 and 4608.
12
What is the highest common factor of 37778 and 130?
26
Calculate the greatest common divisor of 42629 and 47.
47
Calculate the highest common factor of 24624 and 359784.
1368
What is the greatest common divisor of 646 and 14926?
34
Calculate the greatest common factor of 11252 and 1595.
29
What is the highest common factor of 629535 and 5?
5
What is the highest common divisor of 294 and 700602?
294
What is the highest common factor of 26546 and 1534?
26
Calculate the highest common divisor of 185220 and 1680.
420
Calculate the greatest common factor of 78 and 19452.
6
What is the greatest common divisor of 1833 and 182078?
611
What is the greatest common divisor of 12110 and 980?
70
What is the greatest common divisor of 7839 and 975?
39
What is the greatest common divisor of 351 and 4069?
13
What is the highest common factor of 2763710 and 5?
5
Calculate the highest common divisor of 5100 and 18300.
300
What is the greatest common divisor of 4740 and 984?
12
What is the highest common factor of 28899 and 897?
39
Calculate the greatest common divisor of 8 and 1699.
1
Calculate the highest common divisor of 143 and 155155.
143
What is the highest common factor of 41509 and 3605?
103
What is the highest common divisor of 9263 and 59?
59
What is the greatest common divisor of 2383056 and 416?
208
What is the highest common divisor of 12879 and 10971?
477
Calculate the highest common factor of 672 and 33026.
14
Calculate the highest common factor of 60554 and 442.
442
Calculate the highest common factor of 5848 and 7138.
86
What is the highest common factor of 111 and 1011210?
111
What is the highest common factor of 22 and 4291?
1
What is the highest common divisor of 236 and 380255?
59
Calculate the greatest common factor of 6 and 14613.
3
Calculate the highest common factor of 11400 and 16.
8
What is the greatest common divisor of 240784 and 1043?
149
What is the greatest common factor of 22881 and 8439?
87
What is the highest common divisor of 3190 and 26730?
110
What is the greatest common factor of 86 and 1777276?
86
Calculate the highest common factor of 264 and 1865676.
12
What is the greatest common divisor of 108 and 11774?
2
What is the greatest common factor of 4870294 and 11?
11
Calculate the greatest common divisor of 180 and 2644.
4
What is the greatest common factor of 160 and 45700?
20
Calculate the highest common divisor of 36 and 170052.
12
Calculate the highest common factor of 122305 and 17243.
401
What is the highest common factor of 171257 and 41?
41
What is the greatest common divisor of 21882 and 672?
42
What is the greatest common factor of 584 and 2044?
292
What is the highest common divisor of 18 and 226398?
6
Calculate the greatest common divisor of 20 and 233.
1
Calculate the highest common factor of 2420726 and 14.
14
Calculate the greatest common divisor of 46216 and 6784.
424
Calculate the greatest common divisor of 3168 and 2934.
18
Calculate the greatest common divisor of 790 and 95195.
395
What is the highest common divisor of 5644 and 3876?
68
What is the greatest common factor of 84 and 1876?
28
Calculate the greatest common divisor of 1339068 and 4530.
906
Calculate the greatest common factor of 19178 and 3182.
86
Calculate the greatest common factor of 17 and 195551.
17
What is the greatest common factor of 19 and 20914?
1
What is the highest common factor of 111440 and 360?
40
What is the highest common factor of 374 and 56287?
187
What is the greatest common factor of 45216 and 45687?
471
What is the greatest common divisor of 9082 and 27724?
478
Calculate the highest common factor of 10 and 228580.
10
What is the greatest common divisor of 2813 and 1856?
29
What is the greatest common divisor of 46 and 10907888?
46
Calculate the greatest common factor of 16 and 559376.
16
Calculate the greatest common divisor of 169117 and 143.
13
What is the highest common factor of 41325 and 687300?
2175
Calculate the highest common divisor of 243 and 15552.
243
What is the greatest common divisor of 381 and 21?
3
Calculate the greatest common divisor of 34 and 217192.
34
What is the greatest common factor of 3523 and 6617?
13
What is the highest common divisor of 32 and 63608?
8
Calculate the greatest common divisor of 74 and 94461.
37
What is the greatest common factor of 214 and 114811?
107
What is the greatest common divisor of 2569 and 147?
7
What is the greatest common factor of 176 and 81224?
88
Calculate the greatest common divisor of 2061435 and 477.
159
What is the highest common factor of 22 and 15908717?
11
What is the greatest common factor of 302 and 126689?
151
What is the highest common factor of 2234246 and 14?
14
What is the greatest common divisor of 9747 and 27?
27
What is the highest common factor of 260 and 366028?
52
What is the highest common divisor of 23180 and 2196?
244
Calculate the highest common factor of 798 and 6118.
266
Calculate the greatest common factor of 24334 